 -2*l + 3*v - 428 = 2*l, 4*l - 2*v = -428. Let x = 178 + l. Calculate the remainder when x is divided by 18.
17
Suppose -4 = -5*j + 11. Let f(l) = -l**2 - 5*l + 3. What is the remainder when f(-4) is divided by j?
1
Let y(d) = 5*d - 81. Let q(k) = -k**2 - 9*k + 6. What is the remainder when q(-5) is divided by y(18)?
8
Let o(k) = -k**2 - 8*k + 17. Calculate the remainder when o(-7) is divided by 5.
4
Suppose 0 = 4*n + 12, -4*r + 3*n + 6 = 5*n. Suppose 0*z + 39 = r*z. What is the remainder when z is divided by 3?
1
Let n(s) = s**3 - s**2 - s - 4. Let p be n(3). Let h be 144/27*(-6)/4. Let d = p + h. Calculate the remainder when d is divided by 1.
0
Let l(t) = -t**2 + 10*t - 11. Let p be l(11). Let q = 34 + p. What is the remainder when 21 is divided by q?
9
Let z = 36 - 27. Calculate the remainder when 78 is divided by z.
6
Suppose -7 = -5*n + 6*k - 3*k, -3*k = -3*n + 3. Calculate the remainder when (n/(-6))/((-2)/24) is divided by 2.
0
Suppose 0 = -4*u + 5*d + 10, 4*u - 5*d = 5*u + 10. Let a be (-1 - -2)*(-11 + u). Calculate the remainder when (-840)/(-22) - (-2)/a is divided by 20.
18
Suppose -33 = 44*f - 47*f. What is the remainder when 29 is divided by f?
7
Let m(s) = -s**2 - 7*s - 5. Let y be m(-7). Let p = y + 4. Let z(o) = 21*o**2 - 1. Calculate the remainder when 59 is divided by z(p).
19
Suppose -2 + 30 = 4*l. Suppose l*x = 2*x + 150. Suppose 0*s - a = 5*s - 20, x = 3*s - 3*a. What is the remainder when s is divided by 2?
1
Let j(v) = -v**2 - 27*v - 4. What is the remainder when j(-22) is divided by 18?
16
Suppose 0 = -p + 3*c + 62, 3*p + c - 23 - 173 = 0. Let k(b) = -5*b + 7. Calculate the remainder when p is divided by k(-3).
21
Let i(a) = 2*a. Let y be i(9). Let q = -7 + y. What is the remainder when 31 is divided by q?
9
Suppose -4*s + 2*s = -20. Suppose -s = 4*j - 2, -5*t - 4*j = -42. Suppose 4*i + 2 = 114. Calculate the remainder when i is divided by t.
8
Suppose 2*d - 2 = 3*c - 22, 3*d - 5*c = -31. Let g be (d - -2)/(3 - 2). What is the remainder when (g - 0)*24/(-10) is divided by 5?
2
Suppose -l = 2*w - 6*l - 245, -3*w + 325 = l. Calculate the remainder when w is divided by 37.
36
Let k(j) = -j**2 + 2*j**2 - j + 0*j**2. Let i be k(5). Let a = -12 + i. Calculate the remainder when a is divided by 5.
3
Suppose 0 = 2*w - 2*d - 2*d - 18, 3*w - 30 = 5*d. Calculate the remainder when 73 is divided by w.
13
Suppose -2*v - 2*o = -70, 5*v - 4*o = -8*o + 175. Let h = 6 - -6. What is the remainder when v is divided by h?
11
Suppose 0 = -0*s + 4*s - 5*q - 123, -3*s = -2*q - 94. Let o = s - 20. Calculate the remainder when 33 is divided by o.
9
Let p(y) = -2*y + 13. Calculate the remainder when 38 is divided by p(0).
12
Let t(v) = -v**2 + 15*v - 2. Let r be t(6). Suppose 8 = 3*x - r. Calculate the remainder when x is divided by 12.
8
Let w(c) = -18*c - 9. Let u(p) = -8*p - 1. Calculate the remainder when w(-2) is divided by u(-2).
12
Suppose 0 = 3*i + 2*m - 141, i - 5*i - 5*m + 188 = 0. Let q = i - 33. What is the remainder when q is divided by 3/(-2)*32/(-6)?
6
Calculate the remainder when 37 is divided by 72/7 - 6/21.
7
Let z(k) = 2*k**2 - 2*k - 4. Let p = -19 - -30. Calculate the remainder when z(4) is divided by p.
9
Let v = -25 - -43. What is the remainder when v is divided by (-2)/2*-4 + 1?
3
Let m be 3*2/6 + 9. Suppose m = 3*v - 8. What is the remainder when 11 is divided by v?
5
Let b(n) = 3*n**3 - 10*n**2 + 9*n + 2. Let c(k) = -2*k**3 + 9*k**2 - 8*k - 2. Let g(a) = 6*b(a) + 7*c(a). What is the remainder when g(2) is divided by 13?
12
Suppose -3*l + 5*i = 3 - 11, l - 2*i = 3. Calculate the remainder when 0 + l + 5*15 is divided by 26.
24
Suppose -2*h + 3*h = 2*v + 17, -h - 4*v = 1. Calculate the remainder when 53 is divided by h.
9
Suppose -1 = 3*b - 61. Suppose 3*x = -x + b. What is the remainder when 12 is divided by x?
2
Suppose 3*f + 2*f = 0. Suppose f*t + 3*t - 87 = 0. Calculate the remainder when t is divided by 62/6 + (-3)/9.
9
Let u = -5 - -11. Let b = 83 + -81. What is the remainder when u is divided by b?
0
Let n be (-1)/4 - 69/(-4). Suppose -n + 6 = k. Let z = 16 + k. What is the remainder when 17 is divided by z?
2
Suppose 5*z - 25 = 15. Let j = 33 + -3. Calculate the remainder when j is divided by z.
6
Let l be -6*1*(-3 + 2). Suppose 13 = -4*c + 29. What is the remainder when (-1)/(-3)*3*l is divided by c?
2
Suppose -9*b + 2067 = 4*b. What is the remainder when b is divided by 54?
51
Let x = 16 + -10. Suppose -u + x = 5*w, -u = 3*w - w - 12. What is the remainder when u is divided by 6?
4
Let i(w) = w**2 - 2*w - 4. Let s(a) = -a**3 - 13*a**2 - 14*a - 13. What is the remainder when i(-4) is divided by s(-12)?
9
Suppose -8 = -4*d, -16 = -2*z - 3*z - 3*d. Suppose 0 = z*q - q - 23. Let b(f) = f**3 - 2*f**2 - 4*f - 4. What is the remainder when q is divided by b(4)?
11
Suppose -6*o = -o - u + 65, -5*u = o + 39. Calculate the remainder when (-578)/o + 6/(-21) is divided by 14.
13
Calculate the remainder when 47 is divided by ((-20)/(-50))/((-1)/(-25)).
7
Let h(k) = k**2 + 2*k + 2. What is the remainder when h(-3) is divided by (-5)/1 - (-18 + 10)?
2
Let h(d) = 9*d - 6. Calculate the remainder when 59 is divided by h(3).
17
Let q(s) = s**3 + 4*s**2 - 7*s. What is the remainder when q(3) is divided by 17?
8
Let s be (-8)/6*(-18)/12. Calculate the remainder when (1 - (-33 - 0))/2 is divided by (-18)/(-4)*s - 0.
8
Let b(q) = -2*q + 14. Let u = -2 + 6. Suppose -u*o + 0 = -16. Calculate the remainder when b(4) is divided by o.
2
Let v = -58 + 217. What is the remainder when v is divided by 32?
31
Let n = -60 + 151. Calculate the remainder when n is divided by 47.
44
Suppose 2*t = -0*t + 72. Suppose -i + t = 1. What is the remainder when i is divided by 12?
11
Suppose -2*t = -t - 2. Let z(v) = v + 7. Let g be z(-5). Suppose i = -2*x + 11, g*x - i - 19 = -2*x. Calculate the remainder when x is divided by t.
1
Let k be (-30)/(-4)*6/9. Let h(n) = -n**3 - 16*n**2 + 15*n - 9. Let m be h(-17). Suppose k*a - 180 = -m. What is the remainder when a is divided by 8?
7
Let r = 0 - -2. Let n = -13 + 17. What is the remainder when n is divided by r?
0
Suppose -5*v = -24 - 31. What is the remainder when v is divided by (9 - (-4)/(-4)) + -4?
3
Suppose 2*g + 28 + 82 = 5*h, -h + 29 = g. Let l = h + -16. Suppose 4*w - 14 = p, -w + 0*w - 5*p - 7 = 0. Calculate the remainder when l is divided by w.
2
Suppose -7*k + 12*k - 110 = 0. What is the remainder when 2*((-430)/4)/(-5) is divided by k?
21
Let l(v) = v + 2. Calculate the remainder when l(5) is divided by 4.
3
What is the remainder when 150 is divided by -6 - (-4 - -6 - 39)?
26
Let o(t) = -5*t**3 - 37*t + t**3 + 35*t - 2 - t**2. Calculate the remainder when 8 is divided by o(-1).
2
Suppose 7*v = v + 42. What is the remainder when 20 is divided by v?
6
Calculate the remainder when 14 is divided by 1/(-6) - (-35)/(-42) - -6.
4
Let s = -114 - -163. Let c = s - 26. What is the remainder when c is divided by 12?
11
Suppose 4 = -s + 2, s - 78 = -4*y. Suppose -4*o - 16 = -8*o. Suppose 4*n = -2*c + 2 + o, -2*c + n = -16. What is the remainder when y is divided by c?
6
Let s(o) = o**2 - 3*o + 4. Calculate the remainder when 95 is divided by s(-4).
31
Let y = 13 + -9. Suppose -3*p = 3*x - y*p - 1, 5*x + 2*p = -2. Suppose x = 5*i - 103 + 43. Calculate the remainder when 33 is divided by i.
9
Suppose 0 = -8*u + 10*u - 32. Let d = -3 - -9. What is the remainder when u is divided by d?
4
Let i = 10 + -6. Calculate the remainder when i is divided by 3.
1
Let y = 9 - -5. Calculate the remainder when 69 is divided by y.
13
Suppose -3*b + 8*b - 22 = -4*w, 2*b = -4*w + 16. Let j(h) = 2*h**2 + 2*h - 1. Let p be j(-2). Calculate the remainder when p + (3 - 6) - -8 is divided by w.
2
Let h(n) = 2*n**2 + 2. Suppose -6*r = -r + 15. Let k be h(r). Suppose -122 = -3*v - k. What is the remainder when v is divided by 18?
16
Suppose -3*v - 111 - 10 = -2*u, 5*u = 2*v + 308. Suppose -2*g = 7*h - 3*h - u, -4*h + 2*g = -66. Calculate the remainder when 31 is divided by h.
15
Suppose 112 = 4*i - 4*g, 87 = 4*i + 5*g - 4*g. Calculate the remainder when i is divided by (10/20)/(2/48).
11
Let d(v) = 2*v - 2. Let g be d(2). Suppose 10 = i + g. Calculate the remainder when 31 is divided by i.
7
Let d(z) = -2. Let i(v) = v**2 - v + 